{"id":2194,"date":"2025-08-25T11:33:09","date_gmt":"2025-08-25T09:33:09","guid":{"rendered":"https:\/\/lobus.cl\/online\/revlon\/producto\/ondulador-waver-jumbo-de-3-barriles-revlon\/"},"modified":"2025-08-26T12:08:12","modified_gmt":"2025-08-26T10:08:12","slug":"ondulador-waver-jumbo-de-3-barriles-revlon","status":"publish","type":"product","link":"https:\/\/lobus.cl\/online\/revlon\/producto\/ondulador-waver-jumbo-de-3-barriles-revlon\/","title":{"rendered":"Ondulador Waver Jumbo De 3 Barriles Revlon"},"content":{"rendered":"<div class=\"descripcion\">\n<p><strong>Ondulador Waver Jumbo De 3 Barriles Revlon<\/strong><\/p>\n<p>waver &#8211; 3 barriles jumbo, ondas naturales, temperatura hasta de 215\u00b0C (420\u00b0f) para un peinado r\u00e1pido y resultados \u00f3ptimos.30 configuraciones de temperatura para una personalizaci\u00f3n completa y un gran rendimiento en todos los tipos de cabello.recubrimiento de cer\u00e1mica turmalina ayuda a reducir el da\u00f1o e incrementa el brillo cable giratorio libre de enredos para facilitar el uso anillo para colgar<\/p>\n<\/div>\n","protected":false},"excerpt":{"rendered":"<p>\u00a1Crea ondas profundas y elegantes de larga duraci\u00f3n! Con el incre\u00edble Waver Jumbo de 3 barriles de cer\u00e1mica turmalina de REVLON. El Waver te permite peinar gra\u2026<\/p>\n","protected":false},"featured_media":2240,"comment_status":"closed","ping_status":"closed","template":"","meta":{"_eb_attr":""},"product_brand":[],"product_cat":[100],"product_tag":[],"class_list":{"0":"post-2194","1":"product","2":"type-product","3":"status-publish","4":"has-post-thumbnail","6":"product_cat-onduladores-y-rizadoras","8":"first","9":"instock","10":"product-type-simple"},"_links":{"self":[{"href":"https:\/\/lobus.cl\/online\/revlon\/wp-json\/wp\/v2\/product\/2194","targetHints":{"allow":["GET"]}}],"collection":[{"href":"https:\/\/lobus.cl\/online\/revlon\/wp-json\/wp\/v2\/product"}],"about":[{"href":"https:\/\/lobus.cl\/online\/revlon\/wp-json\/wp\/v2\/types\/product"}],"replies":[{"embeddable":true,"href":"https:\/\/lobus.cl\/online\/revlon\/wp-json\/wp\/v2\/comments?post=2194"}],"wp:featuredmedia":[{"embeddable":true,"href":"https:\/\/lobus.cl\/online\/revlon\/wp-json\/wp\/v2\/media\/2240"}],"wp:attachment":[{"href":"https:\/\/lobus.cl\/online\/revlon\/wp-json\/wp\/v2\/media?parent=2194"}],"wp:term":[{"taxonomy":"product_brand","embeddable":true,"href":"https:\/\/lobus.cl\/online\/revlon\/wp-json\/wp\/v2\/product_brand?post=2194"},{"taxonomy":"product_cat","embeddable":true,"href":"https:\/\/lobus.cl\/online\/revlon\/wp-json\/wp\/v2\/product_cat?post=2194"},{"taxonomy":"product_tag","embeddable":true,"href":"https:\/\/lobus.cl\/online\/revlon\/wp-json\/wp\/v2\/product_tag?post=2194"}],"curies":[{"name":"wp","href":"https:\/\/api.w.org\/{rel}","templated":true}]}}